3 + b**2 - 906*b. Suppose 0 = o - 4 - 2. Suppose 0*y + 2*y - 2*w + 8 = 0, o = 2*y + 5*w. Calculate i(y).
18
Let d = 6600 + -6604. Let y(h) = h**2 - 3*h + 5. What is y(d)?
33
Let y(k) = 6*k**2 - 62*k + 293. Let a(j) = -16*j**2 + 185*j - 873. Let d(c) = 4*a(c) + 11*y(c). Determine d(-33).
-5
Let z(c) = 11*c**2 + 3*c + 3. Let r(g) = -12*g**2 - 4*g - 4. Suppose b - 3 = -0. Let s(a) = b*z(a) + 2*r(a). Give s(-1).
9
Let j be -6*(120/(-9) - -11). Let t(f) = f**3 - 16*f**2 + 28*f - 1. What is t(j)?
-1
Suppose 2*r - 5*g = 40, 9 = 5*g - 1. Let h = 289 + -286. Suppose -h*z - 2*z = -r. Let f(o) = o**3 - 5*o**2 + o. Determine f(z).
5
Let g(o) = o + 7. Let a(k) = k + 10. Let u be a(-5). Give g(u).
12
Let l(f) be the second derivative of -11*f**3/3 - 37*f**2/2 + 2077*f. Determine l(-2).
7
Suppose -4*n = -3*n - 2. Let d(s) = -4*s**2 - 10*s. Let w(u) = 3*u**2 + 9*u - 1. Let f(m) = n*d(m) + 3*w(m). Determine f(-6).
-9
Let v = -1301 + 1308. Let b(c) = -4*c + 23. Let y(o) = 4*o - 23. Let l(r) = -6*b(r) - 5*y(r). Give l(v).
5
Let a(u) be the second derivative of -13*u**4/12 - 46*u**3/3 - 9*u**2/2 - 36*u + 13. Determine a(-7).
-2
Let w = -6 + 0. Let u(q) = -q**3 + 5*q**2 - 8*q - 6. Let l(n) = 2 - 32*n + 15*n + 10*n**2 + 0*n - 3*n**3 - 14. Let m(d) = 2*l(d) - 5*u(d). Give m(w).
6
Let i(s) be the second derivative of -s**4/6 + 13*s**3/6 + 12*s**2 + 2375*s. What is i(-2)?
-10
Suppose 0 = -202*s + 201*s + 2. Let l(f) = 13*f**2 + 2*f. Determine l(s).
56
Let k(n) = 14*n + 2. Let h be (5 - (-1554)/(-24))*-4. Let u = 241 - h. Give k(u).
30
Let q(y) = 9*y + 27 - 17*y - 26. Suppose -j - 1 = -3*f, 3*f - 2*f - 1 = 0. Give q(j).
-15
Let t = -539 - -293. Let q = t - -240. Let a(m) = -m**3 - 5*m**2 + 5*m + 1. Calculate a(q).
7
Let b(q) be the first derivative of 19*q**2 + 149*q + 2788. Calculate b(-4).
-3
Let j be 2*2*(-70)/56. Let l(h) be the third derivative of h**6/120 + h**5/20 - 5*h**4/12 + h**3/3 - 2*h**2 - 55*h. Calculate l(j).
2
Suppose s - 2 - 4 = 0. Let z(p) be the first derivative of p**6/360 - p**5/24 + p**4/24 - 58*p**3 + 45. Let k(x) be the third derivative of z(x). Give k(s).
7
Suppose -2*z + 279 = 29*z. Suppose -3*x = 9, -c = -x + 2*x - 12. Let l = c - z. Let h(q) = q**3 - 5*q**2 - 7*q + 8. Give h(l).
2
Let s be (8 - (-5 - -36)) + 1 - 0. Let t(q) = -q**3 - 19*q**2 + 69*q + 62. Determine t(s).
-4
Let n(h) = -h**2 + 4*h + 162. Let b be n(15). Let z(u) = 4*u**2 - 1. Let r(c) = -c**2 - 1. Let o(l) = -3*r(l) - z(l). Calculate o(b).
-5
Let s be (2/4)/(-4*(-2)/(-64)). Let y(z) = 19*z**2 - 16*z - 9. Let f(k) = 12*k**2 - 10*k - 6. Let q(h) = -8*f(h) + 5*y(h). Determine q(s).
-13
Let p(w) = 21*w + 11. Let b(a) = -93*a - 43. Let j(l) = -2*b(l) - 9*p(l). What is j(-10)?
17
Suppose -89*l = 1860*l + 316*l. Let t(r) be the third derivative of r**4/12 + r**3/2 - r**2. Give t(l).
3
Let g(j) = 14*j**3 + 7*j**2 - 3*j + 17. Let r(c) = -12*c**3 - 6*c**2 + 3*c - 14. Let o(u) = 5*g(u) + 6*r(u). Determine o(-2).
7
Let w(v) = -v**3 + 5*v**2 + 7*v - 3. Suppose -3*f + 4*u = 77 - 11, -f + 5*u = 33. Let o be ((-48)/f + -3)/((-3)/54). Give w(o).
3
Let k(y) be the third derivative of -y**6/120 - 13*y**5/60 + y**4/8 - 4*y**3 + 397*y**2. Calculate k(-13).
-63
Let x(r) = -4*r**2 + r + 1. Let y(w) = w**2 + 42*w + 120. Let j be y(-39). Give x(j).
-32
Let s(q) be the third derivative of -q**5/20 + 5*q**4/24 - 2*q**3 - 4212*q**2. Give s(5).
-62
Let c(r) = 3*r + 2. Let y(w) = -2*w**2 + 15*w - 15. Let f be y(6). Suppose -6*o = -f*o - 96. Suppose 0 = -s - 34 + o. Determine c(s).
-4
Let l(d) = 686*d - 390*d - 340*d + 85. Calculate l(2).
-3
Let i(h) be the first derivative of h**4/4 - 2*h**3 + 5*h**2/2 - 4*h - 796. Let t = 2 - 4. Let a = 2 - t. What is i(a)?
-16
Let d(s) = -2*s**2 + 5*s - 3. Suppose 49*b - 51*b = -8. Suppose -5*r + 9 + b = -3*z, 2*z - 18 = -2*r. Give d(z).
-15
Suppose -7*d - 6504 = -6525. Let l(v) be the third derivative of -1/24*v**4 + 0 - 5/6*v**d - 15*v**2 + 0*v. Determine l(-5).
0
Let u(o) = o**2 + o - 3. Suppose -43*t = -36*t - 28. Suppose -t*w - 2*y + 23 - 7 = 0, 4*w - 3*y - 6 = 0. Determine u(w).
9
Let n(b) = 7*b - 4. Suppose -7*k = -9*k + a - 2, -3*k + 2*a - 5 = 0. Determine n(k).
3
Suppose 0*j = 2*j - 10. Let o(l) be the first derivative of 2*l**2 - 1/3*l**3 + 236 - 4*l. Give o(j).
-9
Let x(z) = -55*z - 48*z + 194*z - 92*z. What is x(-4)?
4
Let g(t) be the second derivative of -t**4/6 - t**3/3 - 3*t**2 - 16*t + 2. What is g(-5)?
-46
Suppose 5*i = 3 + 7. Let m(a) = i*a + 13 - a**2 - 5 + 2 + 7 - 6. Calculate m(8).
-37
Suppose -4*a - 6 = 2*z, 2*z - 75 = 2*a - 57. Let x(d) = -1. Let g(t) = -t + 6. Let c(b) = 4*g(b) + 22*x(b). Give c(a).
18
Let i = 1520 - 1518. Let g(w) = -20*w + 7. Calculate g(i).
-33
Let d(o) = -o**2 + o - 8. Let g(t) = -16*t**2 + 2*t - 155. Let h(s) = 15*d(s) - g(s). Give h(-6).
-7
Let q(r) = 4*r**2 + 9*r + 45. Let f(d) = -11*d**2 - 25*d - 126. Let z(i) = -6*f(i) - 17*q(i). Give z(6).
-99
Let z = 28665 - 28659. Let f(t) = 4*t**2 - 24*t - 11. Give f(z).
-11
Let j(m) = 36*m + 72. Let c(f) = 23*f + 48. Let h(g) = 7*c(g) - 5*j(g). Give h(-4).
52
Suppose -2*v + 7*v - 5*m = 5, 4*v - m + 11 = 0. Let o(t) = -2*t**2 - 7*t - 6. Let z(j) = 2*j**2 + 7*j + 6. Let u(h) = 5*o(h) + 4*z(h). Determine u(v).
-10
Let d(l) = l**3 - 3*l + 3. Let w(h) = -7*h - 52. Let q be w(-9). Suppose 0 = -0*k + q*k - 154. Suppose 47 - 5 = k*n. Give d(n).
21
Let f(q) = -45*q + 86. Let c(y) = -77*y + 171. Let v(u) = -3*c(u) + 5*f(u). What is v(15)?
7
Let k(f) = 2*f + 21. Suppose -119*m = -118*m + 12. Let o be (4/8)/(1/m). What is k(o)?
9
Let o(u) be the third derivative of 1/24*u**4 + 3/2*u**3 + 119*u**2 + 0*u + 0. Determine o(-12).
-3
Let y(x) = 14*x + 1. Let i be (-2)/2 + 6 + -1. Suppose 4*n - 3*n = -i*t, 3*n = t + 13. Determine y(t).
-13
Let k(v) = v**3 - 4*v**2 + 3*v - 5. Let s = 1 + -14. Let r = 28 + s. Let h = -11 + r. Calculate k(h).
7
Let v(i) be the first derivative of -4*i**4 + i**2/2 + i - 3388. Calculate v(-1).
16
Let y(o) be the first derivative of 1/2*o**2 - 71 + 10*o. Determine y(0).
10
Let o(w) = w + 3. Suppose 2*l + 25 = 7*l + 2*t, -l + 3*t = 12. Suppose -4*p = -2*v - 18, -l*v = -8*p + 3*p + 25. Suppose -5*u = -22 + p. What is o(u)?
7
Suppose -p - 4 = -0*p. Let q(v) = -14*v + 375. Let b(y) = 54*y - 1437. Let i(r) = -6*b(r) - 23*q(r). Give i(p).
5
Let o(x) = -3*x + 1. Let q(y) = 7*y - 2. Let g(j) = -9*o(j) - 4*q(j). Let f = 1820 + -1829. Calculate g(f).
8
Let d(j) = 14*j**2 + 3731 + j**3 + 7*j - 3730 - 5*j**2. Let t be 18/8 + -2 + (-1056)/128. Determine d(t).
9
Let x = -259 + 264. Let w(i) = 7 - 27 + 11 - i + x. Give w(-4).
0
Let k(y) = -4*y**2 - 145*y - 32. Let b be k(-36). Let m(i) be the second derivative of i**5/20 - i**4/12 - 2*i**3/3 - 5*i**2/2 - i. Calculate m(b).
27
Let t(l) be the third derivative of 0*l + 5/2*l**3 + 0 + 1/24*l**4 + l**2. Suppose 0 = -15*s - 301 + 85 + 96. Give t(s).
7
Suppose 0 = 2*s - 3*l + 2 + 2, -4*l - 56 = 5*s. Let p be 18/4*s/6. Let c(r) = 6*r + 21*r**2 + 12*r**2 - 32*r**2 + 8. Determine c(p).
8
Let a = -6 - 15. Let k = a - -29. Let p(o) be the third derivative of -o**4/24 - o**3/3 + 95*o**2 - 4*o + 1. What is p(k)?
-10
Suppose 12*q - 25 = 11. Let a be (-6 + (-3)/q)/(2/(-2)). Let t(b) = 8*b + 0*b + 2 - 4*b**2 + 3*b**2 - 4*b. What is t(a)?
-19
Suppose -153 = 111*m + 313 + 89. Let d(l) = -29*l - 3. Let r(y) = 10*y + 1. Let a(j) = -4*d(j) - 11*r(j). What is a(m)?
-29
Let r(f) = f**3 + 14*f**2 - 13*f - 5. Let a(k) = -9*k**2 + k - 2. Let l(p) = 2*a(p) + r(p). Give l(6).
-3
Let l = -9 - -10. Let i = 6 - 4. Let n(b) = -i*b + 3*b - 6*b. Calculate n(l).
-5
Let c(i) be the first derivative of 23*i**2 - 4*i - 41*i**2 + 33 + 19*i**2. Calculate c(-8).
-20
Let n be 5 - (4 + -9 + 16). Let j(r) = -r**3 - 4*r**2 + 14*r + 7. Determine j(n).
-5
Let g(p) = p - 14. Let x(w) = -3*w**2 - 2. Let r = -24 + 26. Let n be x(r). Let v = 20 + n. What is g(v)?
-8
Let a(r) = r**2 + 98*r + 268. Let g be a(-3). Let l(d) = 13*d + 212. Calculate l(g).
-9
Let f(v) be the third derivative of v**3 + 0*v + 0 + 69*v**2 + 1/8*v**4. What is f(-5)?
-9
Suppose 22 - 6 = 4*b. Let d be (-208 - -199)*(-11)/9. Suppose 6*c - 11*c + d = -3*t, c - b*t - 9 = 0. Let x(k) = -6*k**2 + 1. Give x(c).
-5
Let z(h) = -8*h**2 + 184*h - 27. Let v(k) = -k**2 + 28*k. Let u(a) = -7*v(a) + z(a). Determine u(-6).
9
Sup